d = 5*s + 5*q - 180. Suppose 1 = n, 4*m + n - s = 5*n. What are the prime factors of m?
2, 5
Let q(v) = -v**2 + 5*v - 1. Let z be q(4). Let a(x) = 3*x**2 + x**3 + z*x**2 - 1 - 8 + 2*x**2 - 12*x. List the prime factors of a(-9).
2, 3
Suppose 3*s = -45*y + 40*y + 5998, -5*y = -s + 2006. List the prime factors of s.
3, 23, 29
Suppose -10*s + 14*s - 96 = 0. Suppose 3*z = -2*g - 2, 3*g = 5*z + s - 8. Suppose 22 = -g*q + 3*q. What are the prime factors of q?
2, 11
What are the prime factors of (-5)/4 - (42756/(-16) + 2)?
17, 157
Let g be 9*(10/(-6) - -2). Suppose -5*k + g*s = -75, 3*k - 68 = -3*s - 23. Suppose -3*j + 4*j = k. List the prime factors of j.
3, 5
Let y(i) be the second derivative of -i**5/10 + i**4/12 + 2*i**3/3 - i**2/2 + 4*i. Let w be y(-3). Suppose -2*n = 3*n - w. What are the prime factors of n?
2, 5
Let g(l) = -3*l - 1. Let z be g(-2). Suppose -5*c + 2*x = -196, z*c + 3*x - x - 184 = 0. What are the prime factors of c?
2, 19
Let v(h) = h**3 + h**2 - 17*h + 3. Let j be v(6). What are the prime factors of (16 + j)/(-1 + (2 - 0))?
13
Let z = -4997 - -8372. What are the prime factors of z?
3, 5
List the prime factors of 6/((-7125)/3567 + 2).
2, 29, 41
Suppose 0 = -2*g - 1 + 3. Let b(j) = 37*j - 1. Let k be b(g). Let c = k - 16. List the prime factors of c.
2, 5
Let x = -542 + 1000. What are the prime factors of x?
2, 229
Suppose 3*j - 3 = 0, 4*j = -0*o - 4*o + 20. Suppose 5*w + u - 4*u = -15, -5*u - 49 = o*w. Let y(q) = q**3 + 6*q**2 - 3*q. List the prime factors of y(w).
2, 3
Let r(m) = m**2 + m - 1. Let x be r(1). Let i(q) = -q. Let v be i(x). What are the prime factors of v - 5/((-20)/12)?
2
Suppose 5*s - 4 = v - 0*v, v + 7 = 2*s. What are the prime factors of (-12)/v*(-1065)/(-10)?
2, 71
Suppose -3*i - 909 = -4*a, -2*i - 5 = -7*i. Suppose -y - 124 = -z - 10, 2*z - a = -5*y. List the prime factors of z.
2, 3, 19
Let t be 10/3 + 3/(-9). Suppose 0 = o - t*b - 30, o - 5*o + 84 = -3*b. What are the prime factors of 86/o - 30/(-135)?
5
Suppose 9 + 1 = 2*c. Suppose s - 1 = -5*g, -s - 2*s - c*g + 3 = 0. What are the prime factors of (60 + 0)/2 - s?
29
List the prime factors of (-21 + -2)/(-7 + (-1000)/(-144)).
2, 3, 23
Let v be 4/(-3 - -1) + 4. Suppose -4*d - v*u = -314, u - 4 = 5*u. What are the prime factors of d?
79
Let m(k) = k**3 - 10*k**2 + 13*k - 27. Let d be m(12). Suppose -5*c = -d - 53. List the prime factors of c.
2, 47
Let g = 7 - 6. Let f(c) = 21*c**2 + 6*c - 5. List the prime factors of f(g).
2, 11
Suppose 3*x + 2*x + 4*q - 60 = 0, 9*q = -3*x + 36. Let f = -3 + 6. Suppose -4*m = -x, 3*k + k - 127 = f*m. What are the prime factors of k?
2, 17
Let o = -16 + 22. Suppose -o*c + 1322 = -2*c + j, 1314 = 4*c + 5*j. What are the prime factors of c?
331
Let h(m) = m**3 - 6*m**2 + 5*m - 2. Let x be h(6). Let q = x + -16. Let w = q + -3. What are the prime factors of w?
3
Suppose -2 = -4*u + 6. Suppose x + u*j - 3 = -0, x - j = 3. What are the prime factors of x?
3
List the prime factors of -5 + ((-391)/(-4))/((-3)/(-24)).
3, 7, 37
Let x(r) = r**3 + 5*r**2. Let d be x(-5). Suppose -343 = -3*k - 5*p, -k + d*k = 2*p - 113. List the prime factors of k.
11
List the prime factors of (4 - 2)/(-12) - (-58791)/18.
2, 23, 71
Let i be 0*((3/(-1))/9 + 0). Let r(g) = g**2 - g + 65. What are the prime factors of r(i)?
5, 13
Let x(j) be the second derivative of -j**6/720 + 3*j**5/20 + 2*j**4/3 + 3*j. Let g(y) be the third derivative of x(y). What are the prime factors of g(12)?
2, 3
Let o = -106 + 537. What are the prime factors of o?
431
Suppose 0*a + 8 = 2*a. Suppose a = -2*d + 2. What are the prime factors of (-100)/(d*4) + -1?
2, 3
Suppose o - 24 = 4*b, -o + 3*b = 6 - 26. Let f be (o/12)/((-2)/(-6)). Suppose 58 = f*k - 3*u, 3*u - 2 + 14 = 0. List the prime factors of k.
23
Let y(z) = z + 6. Let v be y(-5). List the prime factors of (4 + 13)*v/1.
17
Suppose 0 = -4*x - 5*y + 28, 3*x = -0*x + 5*y - 14. Let f(h) = 33*h**2 - 3*h + 1. Let k be f(x). Let v = -86 + k. What are the prime factors of v?
41
Let u = 4 + 8. Suppose r + 2*r + u = 0. What are the prime factors of r/6*(2 + -29)?
2, 3
Suppose 65*f + 838 - 66488 = 0. What are the prime factors of f?
2, 5, 101
Let t = -46 - -24. Let b = 12 + t. List the prime factors of (-116)/b + 6/15.
2, 3
Suppose 3*w - 9 = 0, 4*i - 2*w - 1 = 3*w. Suppose -5*j + 0*r = 4*r - 25, -5*r + 20 = i*j. List the prime factors of j.
5
Let c(o) = 4*o + 3. Let t(m) = -2*m**3 + m**2 + m + 1. Let r be t(-1). Suppose -4*a + 17 = r*h, 0*h = -3*h - 5*a + 16. What are the prime factors of c(h)?
31
Suppose -2*p - d = -9, 9*p = 4*p + 5*d - 15. Suppose 3*m - 155 = -2*m - p*r, 5*m = r + 170. What are the prime factors of m?
3, 11
Let m(d) = 8*d**2 + 1 - 2*d - 8 - 2*d**3 + 0*d**3 + d**3. Let v be m(6). Let i = -25 + v. List the prime factors of i.
2, 7
Let l = -1424 + 2865. What are the prime factors of l?
11, 131
Suppose 3*g - 4*g - 151 = 2*d, -5*g = 5*d + 375. Let s = 130 + d. List the prime factors of s.
2, 3
Let h = 21 - 19. Suppose -h*w + 83 = -x, -209 = -w - 4*w + 2*x. List the prime factors of w.
43
Let v be (-5)/(10/(-292))*2/2. What are the prime factors of (1 - 3 - -1) + v + 3?
2, 37
Let q(v) = 3*v - 10. Let o be 6/(-10) + 42/70. Let a be q(o). List the prime factors of (-13 - a)/(2/(-42)).
3, 7
Let i = 789 + -534. List the prime factors of i.
3, 5, 17
Suppose -40 = 2*p - 4*b, 16 = -p + 7*b - 3*b. Let r be 6/p - (-50)/8. What are the prime factors of ((-3)/r)/(1/(-132))?
2, 3, 11
What are the prime factors of (-5805)/(-20) - (-6)/(-24)?
2, 5, 29
Let q(a) = 123*a + 40. What are the prime factors of q(3)?
409
Suppose -18 = 2*v + 10. Let d = v - -179. List the prime factors of d.
3, 5, 11
Let v = 58 + -39. Suppose v*y - 3952 - 1159 = 0. What are the prime factors of y?
269
Let d(r) = 18*r**3 - 2*r**2 + 8*r - 4. Let w be d(3). Let o = w - 307. List the prime factors of o.
181
Suppose -h = 5*g - 62, -h = 2*g + 6 - 29. Let n(s) be the first derivative of s**3/3 - 13*s**2/2 + 7*s + 1. What are the prime factors of n(g)?
7
Let c(d) = -d**3 - 38*d**2 - 149*d + 35. What are the prime factors of c(-36)?
7, 401
Let q be (-82 + 2)/((-1)/6). Let x be q/9*3/2. Suppose -4*w = -5*v - x, 2*w - v - 16 = 24. List the prime factors of w.
2, 5
Let t(r) = 2*r**2 + 35*r - 16. Let i be t(-18). Suppose 5*n - 81 = i*n. List the prime factors of n.
3
Suppose 81 = 4*z - z. Suppose h + 548 = 4*k - 3*h, 2*k = -2*h + 266. Suppose -m + z = 5*a, 5*m + 5*a - k = 2*a. What are the prime factors of m?
3
Suppose 4*q - 220 = -5*n, -4*n = -7*q + 2*q - 176. Let m = n - -64. List the prime factors of m.
2, 3
Let n(w) = -1736*w + 2. List the prime factors of n(-1).
2, 11, 79
Let j(k) = -41*k - 14. What are the prime factors of j(-4)?
2, 3, 5
Suppose 0 = 2*c - 4*j - 5674, -3*c + 5*c = 2*j + 5680. List the prime factors of c.
2843
Let u(c) = -c**3 - 16*c**2 - 16*c + 5. Let z be u(-15). Let l(k) = 4*k - 27. List the prime factors of l(z).
53
Suppose -5*c + 6*h + 45 = h, 0 = h + 1. Let s(q) = -q + 11. Let w be s(c). Suppose 5*m = w*v + 209 - 20, -4*v - 12 = 0. List the prime factors of m.
2, 3
Suppose -t = -4*t + 159. Suppose -6*p = -7*p + t. What are the prime factors of p?
53
List the prime factors of (-3 - -1 - -3)/((-3)/(-771)).
257
Suppose 151*i - 140*i = 6820. What are the prime factors of i?
2, 5, 31
Let x(r) = r**3 - 3*r - 3 - 2 - 2 - 2*r - 7*r**2. Let p be x(8). Suppose -i + p = -31. What are the prime factors of i?
2, 3
Let u(w) = 2*w + 5. Suppose 0 = -2*x - 16 - 4. Let d be u(x). List the prime factors of 5 + -4 - 2*d.
31
Let t(h) be the first derivative of 5*h**2/2 + h - 5. What are the prime factors of t(2)?
11
Let g be 0/1 - (11 - (-1 - 0)). List the prime factors of (-22)/(-1 + (-4)/g).
3, 11
What are the prime factors of (25/4)/(8/160)?
5
Let u = -342 - 268. Let y = u - -856. What are the prime factors of y?
2, 3, 41
Suppose 0 = -4*o - 2*t + 470, -o + 56 = t - 59. Suppose 5*k - w - 118 = 2*w, 4*k + 4*w - o = 0. Suppose a - 77 = -k. List the prime factors of a.
3, 17
Suppose -10 = -t - 6. Suppose 0 = -4*y + 5*p - t*p + 213, 5*p = -2*y + 79. List the prime factors of y.
2, 13
Let r(i) = 11*i**2 + 3*i + 142. List the prime factors of r(11).
2, 3, 251
Let v(h) = -22*h - 2. Let p be ((-24)/16)/((-3)/(-4)). List the prime factors of v(p).
2, 3, 7
Let l be -2